est common divisor of 320787 and 1704.
3
Calculate the greatest common divisor of 6136 and 175112.
472
Calculate the highest common divisor of 3636 and 3380328.
36
What is the highest common divisor of 264 and 213011656?
88
What is the greatest common factor of 1266692 and 437?
19
Calculate the highest common factor of 62047840 and 160.
160
Calculate the highest common divisor of 548 and 5600971.
137
What is the highest common divisor of 292512 and 4032?
96
Calculate the greatest common divisor of 1089 and 2443023.
99
What is the highest common divisor of 90 and 625553028?
18
What is the highest common divisor of 184 and 53916738?
46
Calculate the highest common factor of 2574 and 4072959.
99
What is the greatest common factor of 7661443 and 314?
157
What is the greatest common divisor of 614213 and 1444?
19
Calculate the highest common divisor of 568 and 6143488.
568
What is the highest common divisor of 87 and 67979074?
29
What is the highest common divisor of 320994 and 37638?
306
Calculate the highest common factor of 1640953 and 2.
1
What is the greatest common factor of 361563 and 7831?
191
What is the highest common divisor of 253855515 and 45?
15
Calculate the greatest common factor of 4733350 and 15070.
1370
What is the highest common factor of 3061555 and 455?
35
Calculate the greatest common divisor of 3266080 and 3490.
10
What is the greatest common divisor of 8515692 and 1215?
243
Calculate the greatest common divisor of 704 and 118899616.
352
What is the greatest common factor of 803 and 7083993?
73
Calculate the highest common factor of 2 and 98148470.
2
What is the greatest common divisor of 121938069 and 348?
87
Calculate the highest common factor of 34396803 and 981.
981
What is the greatest common divisor of 65261336 and 3664?
1832
What is the highest common divisor of 20768 and 5248463?
649
Calculate the greatest common divisor of 9390954 and 696.
174
What is the highest common divisor of 58448291 and 413?
59
What is the highest common factor of 228 and 845544?
12
What is the highest common divisor of 538240 and 84160?
320
Calculate the highest common factor of 161083651 and 4766.
2383
Calculate the greatest common divisor of 2450 and 23086889.
49
What is the highest common factor of 174 and 5725238?
58
What is the highest common factor of 5194 and 1452094?
742
What is the highest common divisor of 47 and 600957557?
47
What is the greatest common factor of 1556019 and 3510439?
7517
What is the highest common factor of 1540242 and 330?
66
What is the highest common factor of 3285458 and 55?
11
Calculate the highest common divisor of 1061615 and 434160.
335
Calculate the greatest common factor of 5277844 and 352.
44
Calculate the highest common divisor of 3430206 and 5029.
107
Calculate the greatest common divisor of 42 and 115083975.
3
What is the highest common divisor of 3075849982 and 2854?
2854
What is the highest common divisor of 476311 and 28424?
209
What is the greatest common divisor of 11628385 and 50?
5
Calculate the highest common divisor of 3 and 438329.
1
What is the highest common factor of 167910 and 570?
30
Calculate the greatest common divisor of 6554 and 45426.
226
What is the greatest common divisor of 16049 and 264079?
1459
What is the greatest common factor of 130 and 178099246?
26
Calculate the highest common divisor of 2920 and 6289826.
146
Calculate the highest common divisor of 27468 and 576324.
252
Calculate the highest common factor of 55684726 and 214.
214
What is the highest common factor of 35 and 303021390?
35
What is the highest common factor of 3756997 and 2482742?
8221
What is the greatest common divisor of 649 and 258467?
11
Calculate the greatest common divisor of 653145 and 84.
3
Calculate the greatest common factor of 12024 and 44466756.
2004
What is the greatest common divisor of 2359 and 179894981?
2359
What is the highest common divisor of 2136627 and 8901?
387
Calculate the greatest common factor of 509610480 and 80.
80
What is the greatest common divisor of 5824 and 5872828?
52
What is the highest common divisor of 94 and 9460912?
94
What is the highest common factor of 34212013 and 2035?
407
Calculate the greatest common divisor of 3744 and 185354624.
416
Calculate the highest common divisor of 20430248 and 16.
8
What is the highest common divisor of 313323543 and 7444?
1861
Calculate the greatest common divisor of 1131 and 1480622637.
1131
Calculate the greatest common divisor of 79213 and 157296.
113
Calculate the greatest common factor of 130 and 1359630.
10
Calculate the highest common factor of 5634695 and 18656.
583
What is the highest common factor of 439221 and 1059?
3
Calculate the highest common divisor of 141 and 460890601.
47
Calculate the highest common factor of 118 and 11746133.
59
Calculate the greatest common factor of 2928 and 852383256.
1464
Calculate the highest common factor of 2281404 and 1247353.
4637
Calculate the greatest common divisor of 2395080 and 15000.
120
What is the highest common factor of 9735333 and 279?
93
Calculate the highest common factor of 2686 and 42107504.
34
Calculate the highest common divisor of 25296334 and 3325.
133
What is the highest common factor of 591 and 55221858?
591
Calculate the highest common divisor of 160 and 132094880.
160
Calculate the highest common factor of 168905 and 80.
5
Calculate the greatest common factor of 12404712 and 52080.
744
What is the highest common factor of 3447 and 1422462?
1149
Calculate the highest common divisor of 6215982 and 387732.
2454
What is the greatest common divisor of 1679 and 1273211?
23
What is the highest common factor of 9924 and 17904?
12
What is the greatest common divisor of 196394 and 54408596?
2486
Calculate the greatest common factor of 8983694 and 38114.
2242
What is the highest common factor of 845 and 139685?
65
What is the greatest common divisor of 160859601 and 35?
7
Calculate the highest common factor of 4075 and 5683700.
25
Calculate the greatest common divisor of 7312497 and 15128.
1891
Calculate the greatest common divisor of 196 and 7630231.
49
Calculate the greatest common factor of 696 and 99198966.
174
What is the greatest common factor of 3408 and 73903332?
852
Calculate the greatest common divisor of 5836620 and 34710.
2670
What is the greatest common factor of 104488 and 542272?
296
What is the greatest common factor of 136 and 594108656?
136
Calculate the greatest common divisor of 120 and 3189390.
30
Calculate the highest common factor of 4 and 7559872.
4
Calculate the greatest common factor of 170 and 331916755.
85
What is the highest common factor of 2328546 and 1034?
22
What is the highest common divisor of 16045248 and 35520?
192
What is the highest common divisor of 82550 and 8593?
13
Calculate the highest common factor of 1110 and 258798054.
222
Calculate the greatest common divisor of 2381 and 2827466072.
2381
What is the highest common factor of 167 and 2291741?
167
Calculate the highest common factor of 7806240 and 630.
90
Calculate the greatest common factor of 45 and 75507075.
45
What is the greatest common divisor of 10241 and 2568401?
209
Calculate the highest common factor of 11308 and 52844.
44
Calculate the highest common factor of 3534679 and 1981600.
2477
Calculate the highest common factor of 1341133 and 1138.
569
What is the highest common factor of 108763932 and 312?
12
What is the greatest common factor of 51388870 and 2150?
430
Calculate the greatest common factor of 424 and 109498.
106
Calculate the greatest common factor of 34 and 327479687.
17
Calculate the greatest common factor of 3504 and 4863625584.
3504
What is the greatest common factor of 782456 and 559789?
2081
What is the greatest common divisor of 7 and 79181249?
7
Calculate the greatest common divisor of 97312 and 2563563.
3041
What is the highest common divisor of 2941847 and 488?
61
What is the greatest common divisor of 8685 and 12335595?
2895
Calculate the highest common factor of 95010 and 120.
30
What is the greatest common divisor of 46434720 and 120?
120
What is the greatest common divisor of 29855 and 1477?
7
Calculate the highest common factor of 194598 and 8379.
171
What is the greatest common factor of 88000 and 286640?
80
What is the highest common facto